{"id":323,"date":"2021-04-01T21:14:31","date_gmt":"2021-04-01T21:14:31","guid":{"rendered":"http:\/\/mr-terapie.cz\/home\/?page_id=323"},"modified":"2026-02-02T22:57:34","modified_gmt":"2026-02-02T22:57:34","slug":"jak-pracuji-terapie-olomouc","status":"publish","type":"page","link":"https:\/\/mr-terapie.cz\/home\/jak-pracuji-terapie-olomouc\/","title":{"rendered":"O mn\u011b"},"content":{"rendered":"\t\t<div data-elementor-type=\"wp-page\" data-elementor-id=\"323\" class=\"elementor elementor-323\">\n\t\t\t\t\t\t<section class=\"elementor-section elementor-top-section elementor-element elementor-element-5131a13e elementor-section-boxed elementor-section-height-default elementor-section-height-default\" data-id=\"5131a13e\" data-element_type=\"section\" data-settings=\"{&quot;background_background&quot;:&quot;classic&quot;}\">\n\t\t\t\t\t\t\t<div class=\"elementor-background-overlay\"><\/div>\n\t\t\t\t\t\t\t<div class=\"elementor-container elementor-column-gap-default\">\n\t\t\t\t\t<div class=\"elementor-column elementor-col-100 elementor-top-column elementor-element elementor-element-1053ca7a\" data-id=\"1053ca7a\" data-element_type=\"column\">\n\t\t\t<div class=\"elementor-widget-wrap elementor-element-populated\">\n\t\t\t\t\t\t<div class=\"elementor-element elementor-element-3d99e122 elementor-widget elementor-widget-heading\" data-id=\"3d99e122\" data-element_type=\"widget\" data-widget_type=\"heading.default\">\n\t\t\t\t<div class=\"elementor-widget-container\">\n\t\t\t\t\t<h1 class=\"elementor-heading-title elementor-size-default\">O mn\u011b<\/h1>\t\t\t\t<\/div>\n\t\t\t\t<\/div>\n\t\t\t\t\t<\/div>\n\t\t<\/div>\n\t\t\t\t\t<\/div>\n\t\t<\/section>\n\t\t\t\t<section class=\"elementor-section elementor-top-section elementor-element elementor-element-f48cbdd elementor-reverse-mobile elementor-section-boxed elementor-section-height-default elementor-section-height-default\" data-id=\"f48cbdd\" data-element_type=\"section\" data-settings=\"{&quot;background_background&quot;:&quot;classic&quot;}\">\n\t\t\t\t\t\t<div class=\"elementor-container elementor-column-gap-default\">\n\t\t\t\t\t<div class=\"elementor-column elementor-col-50 elementor-top-column elementor-element elementor-element-ba24799\" data-id=\"ba24799\" data-element_type=\"column\" data-settings=\"{&quot;background_background&quot;:&quot;classic&quot;}\">\n\t\t\t<div class=\"elementor-widget-wrap elementor-element-populated\">\n\t\t\t\t\t\t<div class=\"elementor-element elementor-element-94dca9b elementor-widget elementor-widget-text-editor\" data-id=\"94dca9b\" data-element_type=\"widget\" data-widget_type=\"text-editor.default\">\n\t\t\t\t<div class=\"elementor-widget-container\">\n\t\t\t\t\t\t\t\t\t<p>Je mi 43 let. Vystudoval jsem filozofii a latinskou filologii na Filozofick\u00e9 fakult\u011b Univerzity Palack\u00e9ho. Terapeutick\u00e9 vzd\u011bl\u00e1n\u00ed a zku\u0161enosti jsem z\u00edsk\u00e1val v komplexn\u00edm dlouhodob\u00e9m psychoterapeutick\u00e9m v\u00fdcviku v terapii zam\u011b\u0159en\u00e9 na \u010dlov\u011bka (PCA) a rovn\u011b\u017e v dlouhodob\u00e9m v\u00fdcviku v terapii zam\u011b\u0159en\u00e9 na emoce (EFT). Aktivn\u00ed pr\u00e1ci s klienty se v\u011bnuji sedm\u00fdm rokem. Abych se v m\u00e9m oboru mohl nad\u00e1le posouvat a zlep\u0161ovat se, spolupracuji se supervizory obou zm\u00edn\u011bn\u00fdch terapeutick\u00fdch p\u0159\u00edstup\u016f a \u00fa\u010dastn\u00edm se pravideln\u00fdch superviz\u00ed.<\/p>\t\t\t\t\t\t\t\t<\/div>\n\t\t\t\t<\/div>\n\t\t\t\t<section class=\"elementor-section elementor-inner-section elementor-element elementor-element-ce28cde elementor-section-boxed elementor-section-height-default elementor-section-height-default\" data-id=\"ce28cde\" data-element_type=\"section\">\n\t\t\t\t\t\t<div class=\"elementor-container elementor-column-gap-no\">\n\t\t\t\t\t<div class=\"elementor-column elementor-col-50 elementor-inner-column elementor-element elementor-element-82a64dc\" data-id=\"82a64dc\" data-element_type=\"column\">\n\t\t\t<div class=\"elementor-widget-wrap elementor-element-populated\">\n\t\t\t\t\t\t<div class=\"elementor-element elementor-element-5818f42 elementor-widget elementor-widget-text-editor\" data-id=\"5818f42\" data-element_type=\"widget\" data-widget_type=\"text-editor.default\">\n\t\t\t\t<div class=\"elementor-widget-container\">\n\t\t\t\t\t\t\t\t\t<p><strong>Terapie zam\u011b\u0159en\u00e1 na \u010dlov\u011bka<\/strong><br \/>(Person Centered Approach, PCA):<br \/><br \/>PCA je zalo\u017eena na nehodnot\u00edc\u00edm postoji terapeuta, empatii a otev\u0159enosti v\u016f\u010di klientovi. C\u00edlem je vytvo\u0159en\u00ed d\u016fv\u011brn\u00e9ho terapeutick\u00e9ho vztahu a bezpe\u010dn\u00e9ho prost\u0159ed\u00ed, ve kter\u00e9m se klient bude moci c\u00edtit svobodn\u011b, a kter\u00e9 mu umo\u017en\u00ed vstoupit do procesu l\u00e9\u010dby a napl\u0148ov\u00e1n\u00ed sv\u00e9ho vnit\u0159n\u00edho potenci\u00e1lu.<\/p>\t\t\t\t\t\t\t\t<\/div>\n\t\t\t\t<\/div>\n\t\t\t\t\t<\/div>\n\t\t<\/div>\n\t\t\t\t<div class=\"elementor-column elementor-col-50 elementor-inner-column elementor-element elementor-element-d55e8c1\" data-id=\"d55e8c1\" data-element_type=\"column\">\n\t\t\t<div class=\"elementor-widget-wrap elementor-element-populated\">\n\t\t\t\t\t\t<div class=\"elementor-element elementor-element-6162cdd elementor-widget elementor-widget-text-editor\" data-id=\"6162cdd\" data-element_type=\"widget\" data-widget_type=\"text-editor.default\">\n\t\t\t\t<div class=\"elementor-widget-container\">\n\t\t\t\t\t\t\t\t\t<p><strong>Terapie zam\u011b\u0159en\u00e1 na emoce<\/strong><br \/>(Emotion Focused Therapy, EFT):<\/p><p>EFT vych\u00e1z\u00ed\u00a0 z p\u0159edpokladu, \u017ee na\u0161e emoce n\u00e1s informuj\u00ed o na\u0161ich pot\u0159eb\u00e1ch a hraj\u00ed proto kl\u00ed\u010dovou roli v na\u0161em ka\u017edodenn\u00edm jedn\u00e1n\u00ed a p\u0159i z\u00e1sadn\u00edch \u017eivotn\u00edch rozhodnut\u00edch. Hlavn\u00edm \u00fakolem EFT terapeuta je pomoci klientovi pojmenovat a vyj\u00e1d\u0159it jeho zra\u0148uj\u00edc\u00ed pro\u017eitky a transformovat je zvy\u0161ov\u00e1n\u00edm asertivity v\u016f\u010di druh\u00fdm a soucitu v\u016f\u010di sob\u011b sam\u00e9mu.<\/p>\t\t\t\t\t\t\t\t<\/div>\n\t\t\t\t<\/div>\n\t\t\t\t\t<\/div>\n\t\t<\/div>\n\t\t\t\t\t<\/div>\n\t\t<\/section>\n\t\t\t\t<div class=\"elementor-element elementor-element-7c4e27f elementor-widget__width-initial elementor-widget-divider--view-line elementor-widget elementor-widget-divider\" data-id=\"7c4e27f\" data-element_type=\"widget\" data-widget_type=\"divider.default\">\n\t\t\t\t<div class=\"elementor-widget-container\">\n\t\t\t\t\t\t\t<div class=\"elementor-divider\">\n\t\t\t<span class=\"elementor-divider-separator\">\n\t\t\t\t\t\t<\/span>\n\t\t<\/div>\n\t\t\t\t\t\t<\/div>\n\t\t\t\t<\/div>\n\t\t\t\t<div class=\"elementor-element elementor-element-a467133 elementor-widget elementor-widget-spacer\" data-id=\"a467133\" data-element_type=\"widget\" data-widget_type=\"spacer.default\">\n\t\t\t\t<div class=\"elementor-widget-container\">\n\t\t\t\t\t\t\t<div class=\"elementor-spacer\">\n\t\t\t<div class=\"elementor-spacer-inner\"><\/div>\n\t\t<\/div>\n\t\t\t\t\t\t<\/div>\n\t\t\t\t<\/div>\n\t\t\t\t<div class=\"elementor-element elementor-element-30ddc73 elementor-widget__width-initial elementor-widget elementor-widget-text-editor\" data-id=\"30ddc73\" data-element_type=\"widget\" data-widget_type=\"text-editor.default\">\n\t\t\t\t<div class=\"elementor-widget-container\">\n\t\t\t\t\t\t\t\t\t<p><strong>Z\u00e1kladem m\u00e9ho osobn\u00edho p\u0159\u00edstupu je profesionalita, lidskost, otev\u0159enost, d\u016fv\u011brn\u00e9 a bezpe\u010dn\u00e9 prost\u0159ed\u00ed<\/strong><strong>. Nehodnot\u00edm, ale naslouch\u00e1m, nevedu, ale doprov\u00e1z\u00edm. Ct\u00edm a respektuji individualitu a jedine\u010dnost ka\u017ed\u00e9ho \u010dlov\u011bka, kter\u00fd ke mn\u011b p\u0159ich\u00e1z\u00ed.&nbsp;<\/strong><\/p>\t\t\t\t\t\t\t\t<\/div>\n\t\t\t\t<\/div>\n\t\t\t\t<div class=\"elementor-element elementor-element-5b5aa0e elementor-widget__width-initial elementor-widget-divider--view-line elementor-widget elementor-widget-divider\" data-id=\"5b5aa0e\" data-element_type=\"widget\" data-widget_type=\"divider.default\">\n\t\t\t\t<div class=\"elementor-widget-container\">\n\t\t\t\t\t\t\t<div class=\"elementor-divider\">\n\t\t\t<span class=\"elementor-divider-separator\">\n\t\t\t\t\t\t<\/span>\n\t\t<\/div>\n\t\t\t\t\t\t<\/div>\n\t\t\t\t<\/div>\n\t\t\t\t<div class=\"elementor-element elementor-element-b72dd80 elementor-widget elementor-widget-spacer\" data-id=\"b72dd80\" data-element_type=\"widget\" data-widget_type=\"spacer.default\">\n\t\t\t\t<div class=\"elementor-widget-container\">\n\t\t\t\t\t\t\t<div class=\"elementor-spacer\">\n\t\t\t<div class=\"elementor-spacer-inner\"><\/div>\n\t\t<\/div>\n\t\t\t\t\t\t<\/div>\n\t\t\t\t<\/div>\n\t\t\t\t<div class=\"elementor-element elementor-element-a6b7e72 elementor-widget elementor-widget-text-editor\" data-id=\"a6b7e72\" data-element_type=\"widget\" data-widget_type=\"text-editor.default\">\n\t\t\t\t<div class=\"elementor-widget-container\">\n\t\t\t\t\t\t\t\t\t<p><strong>Terapie m\u016f\u017ee b\u00fdt nejen l\u00e9\u010dbou, ale i prostorem pro V\u00e1\u0161 osobn\u00ed rozvoj a r\u016fst.<\/strong><\/p>\n<p><strong>V p\u0159\u00edpad\u011b, \u017ee nen\u00ed mo\u017en\u00e9 setk\u00e1vat se osobn\u011b, nab\u00edz\u00edm tak\u00e9 terapie on-line formou.&nbsp;<\/strong><\/p>\t\t\t\t\t\t\t\t<\/div>\n\t\t\t\t<\/div>\n\t\t\t\t<div class=\"elementor-element elementor-element-34152ac elementor-widget__width-initial elementor-widget-divider--view-line elementor-widget elementor-widget-divider\" data-id=\"34152ac\" data-element_type=\"widget\" data-widget_type=\"divider.default\">\n\t\t\t\t<div class=\"elementor-widget-container\">\n\t\t\t\t\t\t\t<div class=\"elementor-divider\">\n\t\t\t<span class=\"elementor-divider-separator\">\n\t\t\t\t\t\t<\/span>\n\t\t<\/div>\n\t\t\t\t\t\t<\/div>\n\t\t\t\t<\/div>\n\t\t\t\t<div class=\"elementor-element elementor-element-209cbf4 elementor-widget elementor-widget-spacer\" data-id=\"209cbf4\" data-element_type=\"widget\" data-widget_type=\"spacer.default\">\n\t\t\t\t<div class=\"elementor-widget-container\">\n\t\t\t\t\t\t\t<div class=\"elementor-spacer\">\n\t\t\t<div class=\"elementor-spacer-inner\"><\/div>\n\t\t<\/div>\n\t\t\t\t\t\t<\/div>\n\t\t\t\t<\/div>\n\t\t\t\t<div class=\"elementor-element elementor-element-d57402e elementor-widget__width-initial elementor-widget-divider--view-line elementor-widget elementor-widget-divider\" data-id=\"d57402e\" data-element_type=\"widget\" data-widget_type=\"divider.default\">\n\t\t\t\t<div class=\"elementor-widget-container\">\n\t\t\t\t\t\t\t<div class=\"elementor-divider\">\n\t\t\t<span class=\"elementor-divider-separator\">\n\t\t\t\t\t\t<\/span>\n\t\t<\/div>\n\t\t\t\t\t\t<\/div>\n\t\t\t\t<\/div>\n\t\t\t\t<div class=\"elementor-element elementor-element-87fc5ed elementor-widget__width-initial elementor-widget elementor-widget-text-editor\" data-id=\"87fc5ed\" data-element_type=\"widget\" data-widget_type=\"text-editor.default\">\n\t\t\t\t<div class=\"elementor-widget-container\">\n\t\t\t\t\t\t\t\t\t<p>\u0158\u00edd\u00edm se etick\u00fdm kodexem EAP (European Association for Psychotherapy)<\/p>\t\t\t\t\t\t\t\t<\/div>\n\t\t\t\t<\/div>\n\t\t\t\t\t<\/div>\n\t\t<\/div>\n\t\t\t\t<div class=\"elementor-column elementor-col-50 elementor-top-column elementor-element elementor-element-8d3bb8d\" data-id=\"8d3bb8d\" data-element_type=\"column\">\n\t\t\t<div class=\"elementor-widget-wrap elementor-element-populated\">\n\t\t\t\t\t\t<div class=\"elementor-element elementor-element-a181b4d elementor-widget elementor-widget-image\" data-id=\"a181b4d\" data-element_type=\"widget\" data-widget_type=\"image.default\">\n\t\t\t\t<div class=\"elementor-widget-container\">\n\t\t\t\t\t\t\t\t\t\t\t\t\t\t\t<img fetchpriority=\"high\" decoding=\"async\" width=\"600\" height=\"799\" src=\"https:\/\/mr-terapie.cz\/wp-content\/uploads\/2021\/04\/MR-fotka.jpg\" class=\"attachment-full size-full wp-image-361\" alt=\"terapie olomouc\" srcset=\"https:\/\/mr-terapie.cz\/wp-content\/uploads\/2021\/04\/MR-fotka.jpg 600w, https:\/\/mr-terapie.cz\/wp-content\/uploads\/2021\/04\/MR-fotka-225x300.jpg 225w\" sizes=\"(max-width: 600px) 100vw, 600px\" \/>\t\t\t\t\t\t\t\t\t\t\t\t\t\t\t<\/div>\n\t\t\t\t<\/div>\n\t\t\t\t\t<\/div>\n\t\t<\/div>\n\t\t\t\t\t<\/div>\n\t\t<\/section>\n\t\t\t\t<\/div>\n\t\t","protected":false},"excerpt":{"rendered":"<p>O mn\u011b Je mi 43 let. Vystudoval jsem filozofii a latinskou filologii na Filozofick\u00e9 fakult\u011b Univerzity Palack\u00e9ho. Terapeutick\u00e9 vzd\u011bl\u00e1n\u00ed a zku\u0161enosti jsem z\u00edsk\u00e1val v komplexn\u00edm dlouhodob\u00e9m psychoterapeutick\u00e9m v\u00fdcviku v terapii zam\u011b\u0159en\u00e9 na \u010dlov\u011bka (PCA) a rovn\u011b\u017e v dlouhodob\u00e9m v\u00fdcviku v terapii zam\u011b\u0159en\u00e9 na emoce (EFT). Aktivn\u00ed pr\u00e1ci s klienty se v\u011bnuji sedm\u00fdm rokem. Abych se [&hellip;]<\/p>\n","protected":false},"author":1,"featured_media":0,"parent":0,"menu_order":0,"comment_status":"closed","ping_status":"closed","template":"","meta":{"site-sidebar-layout":"no-sidebar","site-content-layout":"page-builder","ast-site-content-layout":"default","site-content-style":"default","site-sidebar-style":"default","ast-global-header-display":"","ast-banner-title-visibility":"","ast-main-header-display":"","ast-hfb-above-header-display":"","ast-hfb-below-header-display":"","ast-hfb-mobile-header-display":"","site-post-title":"disabled","ast-breadcrumbs-content":"","ast-featured-img":"disabled","footer-sml-layout":"","ast-disable-related-posts":"","theme-transparent-header-meta":"default","adv-header-id-meta":"","stick-header-meta":"","header-above-stick-meta":"","header-main-stick-meta":"","header-below-stick-meta":"","astra-migrate-meta-layouts":"default","ast-page-background-enabled":"default","ast-page-background-meta":{"desktop":{"background-color":"","background-image":"","background-repeat":"repeat","background-position":"center center","background-size":"auto","background-attachment":"scroll","background-type":"","background-media":"","overlay-type":"","overlay-color":"","overlay-opacity":"","overlay-gradient":""},"tablet":{"background-color":"","background-image":"","background-repeat":"repeat","background-position":"center center","background-size":"auto","background-attachment":"scroll","background-type":"","background-media":"","overlay-type":"","overlay-color":"","overlay-opacity":"","overlay-gradient":""},"mobile":{"background-color":"","background-image":"","background-repeat":"repeat","background-position":"center center","background-size":"auto","background-attachment":"scroll","background-type":"","background-media":"","overlay-type":"","overlay-color":"","overlay-opacity":"","overlay-gradient":""}},"ast-content-background-meta":{"desktop":{"background-color":"var(--ast-global-color-5)","background-image":"","background-repeat":"repeat","background-position":"center center","background-size":"auto","background-attachment":"scroll","background-type":"","background-media":"","overlay-type":"","overlay-color":"","overlay-opacity":"","overlay-gradient":""},"tablet":{"background-color":"var(--ast-global-color-5)","background-image":"","background-repeat":"repeat","background-position":"center center","background-size":"auto","background-attachment":"scroll","background-type":"","background-media":"","overlay-type":"","overlay-color":"","overlay-opacity":"","overlay-gradient":""},"mobile":{"background-color":"var(--ast-global-color-5)","background-image":"","background-repeat":"repeat","background-position":"center center","background-size":"auto","background-attachment":"scroll","background-type":"","background-media":"","overlay-type":"","overlay-color":"","overlay-opacity":"","overlay-gradient":""}},"footnotes":""},"class_list":["post-323","page","type-page","status-publish","hentry"],"yoast_head":"<!-- This site is optimized with the Yoast SEO plugin v24.3 - https:\/\/yoast.com\/wordpress\/plugins\/seo\/ -->\n<title>O mn\u011b - Martin Rus\u0148\u00e1k terapie<\/title>\n<meta name=\"description\" content=\"Sv\u00e9 terapeutick\u00e9 vzd\u011bl\u00e1n\u00ed a zku\u0161enosti jsem z\u00edskal v dlouhodob\u00e9m v\u00fdcviku v terapii zam\u011b\u0159en\u00e9 na \u010dlov\u011bka (PCA) a d\u00e1le ve v\u00fdcviku v terapii zam\u011b\u0159en\u00e9 na emoce (EFT). Terapie v Olomouci. Online terapie prost\u0159ednictv\u00edm ZOOM a Skype.\" \/>\n<meta name=\"robots\" content=\"index, follow, max-snippet:-1, max-image-preview:large, max-video-preview:-1\" \/>\n<link rel=\"canonical\" href=\"https:\/\/mr-terapie.cz\/home\/jak-pracuji-terapie-olomouc\/\" \/>\n<meta property=\"og:locale\" content=\"cs_CZ\" \/>\n<meta property=\"og:type\" content=\"article\" \/>\n<meta property=\"og:title\" content=\"O mn\u011b - Martin Rus\u0148\u00e1k terapie\" \/>\n<meta property=\"og:description\" content=\"Sv\u00e9 terapeutick\u00e9 vzd\u011bl\u00e1n\u00ed a zku\u0161enosti jsem z\u00edskal v dlouhodob\u00e9m v\u00fdcviku v terapii zam\u011b\u0159en\u00e9 na \u010dlov\u011bka (PCA) a d\u00e1le ve v\u00fdcviku v terapii zam\u011b\u0159en\u00e9 na emoce (EFT). Terapie v Olomouci. Online terapie prost\u0159ednictv\u00edm ZOOM a Skype.\" \/>\n<meta property=\"og:url\" content=\"https:\/\/mr-terapie.cz\/home\/jak-pracuji-terapie-olomouc\/\" \/>\n<meta property=\"og:site_name\" content=\"https:\/\/mr-terapie.cz\" \/>\n<meta property=\"article:modified_time\" content=\"2026-02-02T22:57:34+00:00\" \/>\n<meta property=\"og:image\" content=\"https:\/\/mr-terapie.cz\/wp-content\/uploads\/2021\/04\/MR-fotka.jpg\" \/>\n\t<meta property=\"og:image:width\" content=\"600\" \/>\n\t<meta property=\"og:image:height\" content=\"799\" \/>\n\t<meta property=\"og:image:type\" content=\"image\/jpeg\" \/>\n<meta name=\"twitter:card\" content=\"summary_large_image\" \/>\n<meta name=\"twitter:label1\" content=\"Odhadovan\u00e1 doba \u010dten\u00ed\" \/>\n\t<meta name=\"twitter:data1\" content=\"2 minuty\" \/>\n<script type=\"application\/ld+json\" class=\"yoast-schema-graph\">{\"@context\":\"https:\/\/schema.org\",\"@graph\":[{\"@type\":\"WebPage\",\"@id\":\"https:\/\/mr-terapie.cz\/home\/jak-pracuji-terapie-olomouc\/\",\"url\":\"https:\/\/mr-terapie.cz\/home\/jak-pracuji-terapie-olomouc\/\",\"name\":\"O mn\u011b - Martin Rus\u0148\u00e1k terapie\",\"isPartOf\":{\"@id\":\"https:\/\/mr-terapie.cz\/home\/#website\"},\"primaryImageOfPage\":{\"@id\":\"https:\/\/mr-terapie.cz\/home\/jak-pracuji-terapie-olomouc\/#primaryimage\"},\"image\":{\"@id\":\"https:\/\/mr-terapie.cz\/home\/jak-pracuji-terapie-olomouc\/#primaryimage\"},\"thumbnailUrl\":\"https:\/\/mr-terapie.cz\/wp-content\/uploads\/2021\/04\/MR-fotka.jpg\",\"datePublished\":\"2021-04-01T21:14:31+00:00\",\"dateModified\":\"2026-02-02T22:57:34+00:00\",\"description\":\"Sv\u00e9 terapeutick\u00e9 vzd\u011bl\u00e1n\u00ed a zku\u0161enosti jsem z\u00edskal v dlouhodob\u00e9m v\u00fdcviku v terapii zam\u011b\u0159en\u00e9 na \u010dlov\u011bka (PCA) a d\u00e1le ve v\u00fdcviku v terapii zam\u011b\u0159en\u00e9 na emoce (EFT). Terapie v Olomouci. Online terapie prost\u0159ednictv\u00edm ZOOM a Skype.\",\"breadcrumb\":{\"@id\":\"https:\/\/mr-terapie.cz\/home\/jak-pracuji-terapie-olomouc\/#breadcrumb\"},\"inLanguage\":\"cs\",\"potentialAction\":[{\"@type\":\"ReadAction\",\"target\":[\"https:\/\/mr-terapie.cz\/home\/jak-pracuji-terapie-olomouc\/\"]}]},{\"@type\":\"ImageObject\",\"inLanguage\":\"cs\",\"@id\":\"https:\/\/mr-terapie.cz\/home\/jak-pracuji-terapie-olomouc\/#primaryimage\",\"url\":\"https:\/\/mr-terapie.cz\/wp-content\/uploads\/2021\/04\/MR-fotka.jpg\",\"contentUrl\":\"https:\/\/mr-terapie.cz\/wp-content\/uploads\/2021\/04\/MR-fotka.jpg\"},{\"@type\":\"BreadcrumbList\",\"@id\":\"https:\/\/mr-terapie.cz\/home\/jak-pracuji-terapie-olomouc\/#breadcrumb\",\"itemListElement\":[{\"@type\":\"ListItem\",\"position\":1,\"name\":\"Dom\u016f\",\"item\":\"https:\/\/mr-terapie.cz\/home\/\"},{\"@type\":\"ListItem\",\"position\":2,\"name\":\"O mn\u011b\"}]},{\"@type\":\"WebSite\",\"@id\":\"https:\/\/mr-terapie.cz\/home\/#website\",\"url\":\"https:\/\/mr-terapie.cz\/home\/\",\"name\":\"https:\/\/mr-terapie.cz\",\"description\":\"...\",\"publisher\":{\"@id\":\"https:\/\/mr-terapie.cz\/home\/#organization\"},\"potentialAction\":[{\"@type\":\"SearchAction\",\"target\":{\"@type\":\"EntryPoint\",\"urlTemplate\":\"https:\/\/mr-terapie.cz\/home\/?s={search_term_string}\"},\"query-input\":{\"@type\":\"PropertyValueSpecification\",\"valueRequired\":true,\"valueName\":\"search_term_string\"}}],\"inLanguage\":\"cs\"},{\"@type\":\"Organization\",\"@id\":\"https:\/\/mr-terapie.cz\/home\/#organization\",\"name\":\"https:\/\/mr-terapie.cz\",\"url\":\"https:\/\/mr-terapie.cz\/home\/\",\"logo\":{\"@type\":\"ImageObject\",\"inLanguage\":\"cs\",\"@id\":\"https:\/\/mr-terapie.cz\/home\/#\/schema\/logo\/image\/\",\"url\":\"https:\/\/mr-terapie.cz\/wp-content\/uploads\/2021\/04\/logo1.png\",\"contentUrl\":\"https:\/\/mr-terapie.cz\/wp-content\/uploads\/2021\/04\/logo1.png\",\"width\":180,\"height\":46,\"caption\":\"https:\/\/mr-terapie.cz\"},\"image\":{\"@id\":\"https:\/\/mr-terapie.cz\/home\/#\/schema\/logo\/image\/\"}}]}<\/script>\n<!-- \/ Yoast SEO plugin. -->","yoast_head_json":{"title":"O mn\u011b - Martin Rus\u0148\u00e1k terapie","description":"Sv\u00e9 terapeutick\u00e9 vzd\u011bl\u00e1n\u00ed a zku\u0161enosti jsem z\u00edskal v dlouhodob\u00e9m v\u00fdcviku v terapii zam\u011b\u0159en\u00e9 na \u010dlov\u011bka (PCA) a d\u00e1le ve v\u00fdcviku v terapii zam\u011b\u0159en\u00e9 na emoce (EFT). Terapie v Olomouci. Online terapie prost\u0159ednictv\u00edm ZOOM a Skype.","robots":{"index":"index","follow":"follow","max-snippet":"max-snippet:-1","max-image-preview":"max-image-preview:large","max-video-preview":"max-video-preview:-1"},"canonical":"https:\/\/mr-terapie.cz\/home\/jak-pracuji-terapie-olomouc\/","og_locale":"cs_CZ","og_type":"article","og_title":"O mn\u011b - Martin Rus\u0148\u00e1k terapie","og_description":"Sv\u00e9 terapeutick\u00e9 vzd\u011bl\u00e1n\u00ed a zku\u0161enosti jsem z\u00edskal v dlouhodob\u00e9m v\u00fdcviku v terapii zam\u011b\u0159en\u00e9 na \u010dlov\u011bka (PCA) a d\u00e1le ve v\u00fdcviku v terapii zam\u011b\u0159en\u00e9 na emoce (EFT). Terapie v Olomouci. Online terapie prost\u0159ednictv\u00edm ZOOM a Skype.","og_url":"https:\/\/mr-terapie.cz\/home\/jak-pracuji-terapie-olomouc\/","og_site_name":"https:\/\/mr-terapie.cz","article_modified_time":"2026-02-02T22:57:34+00:00","og_image":[{"width":600,"height":799,"url":"https:\/\/mr-terapie.cz\/wp-content\/uploads\/2021\/04\/MR-fotka.jpg","type":"image\/jpeg"}],"twitter_card":"summary_large_image","twitter_misc":{"Odhadovan\u00e1 doba \u010dten\u00ed":"2 minuty"},"schema":{"@context":"https:\/\/schema.org","@graph":[{"@type":"WebPage","@id":"https:\/\/mr-terapie.cz\/home\/jak-pracuji-terapie-olomouc\/","url":"https:\/\/mr-terapie.cz\/home\/jak-pracuji-terapie-olomouc\/","name":"O mn\u011b - Martin Rus\u0148\u00e1k terapie","isPartOf":{"@id":"https:\/\/mr-terapie.cz\/home\/#website"},"primaryImageOfPage":{"@id":"https:\/\/mr-terapie.cz\/home\/jak-pracuji-terapie-olomouc\/#primaryimage"},"image":{"@id":"https:\/\/mr-terapie.cz\/home\/jak-pracuji-terapie-olomouc\/#primaryimage"},"thumbnailUrl":"https:\/\/mr-terapie.cz\/wp-content\/uploads\/2021\/04\/MR-fotka.jpg","datePublished":"2021-04-01T21:14:31+00:00","dateModified":"2026-02-02T22:57:34+00:00","description":"Sv\u00e9 terapeutick\u00e9 vzd\u011bl\u00e1n\u00ed a zku\u0161enosti jsem z\u00edskal v dlouhodob\u00e9m v\u00fdcviku v terapii zam\u011b\u0159en\u00e9 na \u010dlov\u011bka (PCA) a d\u00e1le ve v\u00fdcviku v terapii zam\u011b\u0159en\u00e9 na emoce (EFT). Terapie v Olomouci. Online terapie prost\u0159ednictv\u00edm ZOOM a Skype.","breadcrumb":{"@id":"https:\/\/mr-terapie.cz\/home\/jak-pracuji-terapie-olomouc\/#breadcrumb"},"inLanguage":"cs","potentialAction":[{"@type":"ReadAction","target":["https:\/\/mr-terapie.cz\/home\/jak-pracuji-terapie-olomouc\/"]}]},{"@type":"ImageObject","inLanguage":"cs","@id":"https:\/\/mr-terapie.cz\/home\/jak-pracuji-terapie-olomouc\/#primaryimage","url":"https:\/\/mr-terapie.cz\/wp-content\/uploads\/2021\/04\/MR-fotka.jpg","contentUrl":"https:\/\/mr-terapie.cz\/wp-content\/uploads\/2021\/04\/MR-fotka.jpg"},{"@type":"BreadcrumbList","@id":"https:\/\/mr-terapie.cz\/home\/jak-pracuji-terapie-olomouc\/#breadcrumb","itemListElement":[{"@type":"ListItem","position":1,"name":"Dom\u016f","item":"https:\/\/mr-terapie.cz\/home\/"},{"@type":"ListItem","position":2,"name":"O mn\u011b"}]},{"@type":"WebSite","@id":"https:\/\/mr-terapie.cz\/home\/#website","url":"https:\/\/mr-terapie.cz\/home\/","name":"https:\/\/mr-terapie.cz","description":"...","publisher":{"@id":"https:\/\/mr-terapie.cz\/home\/#organization"},"potentialAction":[{"@type":"SearchAction","target":{"@type":"EntryPoint","urlTemplate":"https:\/\/mr-terapie.cz\/home\/?s={search_term_string}"},"query-input":{"@type":"PropertyValueSpecification","valueRequired":true,"valueName":"search_term_string"}}],"inLanguage":"cs"},{"@type":"Organization","@id":"https:\/\/mr-terapie.cz\/home\/#organization","name":"https:\/\/mr-terapie.cz","url":"https:\/\/mr-terapie.cz\/home\/","logo":{"@type":"ImageObject","inLanguage":"cs","@id":"https:\/\/mr-terapie.cz\/home\/#\/schema\/logo\/image\/","url":"https:\/\/mr-terapie.cz\/wp-content\/uploads\/2021\/04\/logo1.png","contentUrl":"https:\/\/mr-terapie.cz\/wp-content\/uploads\/2021\/04\/logo1.png","width":180,"height":46,"caption":"https:\/\/mr-terapie.cz"},"image":{"@id":"https:\/\/mr-terapie.cz\/home\/#\/schema\/logo\/image\/"}}]}},"_links":{"self":[{"href":"https:\/\/mr-terapie.cz\/home\/wp-json\/wp\/v2\/pages\/323","targetHints":{"allow":["GET"]}}],"collection":[{"href":"https:\/\/mr-terapie.cz\/home\/wp-json\/wp\/v2\/pages"}],"about":[{"href":"https:\/\/mr-terapie.cz\/home\/wp-json\/wp\/v2\/types\/page"}],"author":[{"embeddable":true,"href":"https:\/\/mr-terapie.cz\/home\/wp-json\/wp\/v2\/users\/1"}],"replies":[{"embeddable":true,"href":"https:\/\/mr-terapie.cz\/home\/wp-json\/wp\/v2\/comments?post=323"}],"version-history":[{"count":246,"href":"https:\/\/mr-terapie.cz\/home\/wp-json\/wp\/v2\/pages\/323\/revisions"}],"predecessor-version":[{"id":1024,"href":"https:\/\/mr-terapie.cz\/home\/wp-json\/wp\/v2\/pages\/323\/revisions\/1024"}],"wp:attachment":[{"href":"https:\/\/mr-terapie.cz\/home\/wp-json\/wp\/v2\/media?parent=323"}],"curies":[{"name":"wp","href":"https:\/\/api.w.org\/{rel}","templated":true}]}}